{"id":112,"date":"2022-08-02T07:09:22","date_gmt":"2022-08-02T07:09:22","guid":{"rendered":"https:\/\/sabrina.fi\/?page_id=112"},"modified":"2026-01-27T19:43:00","modified_gmt":"2026-01-27T19:43:00","slug":"henkilosto","status":"publish","type":"page","link":"https:\/\/sabrina.fi\/index.php\/henkilosto\/","title":{"rendered":"Henkil\u00f6st\u00f6"},"content":{"rendered":"<p><div class=\"fusion-fullwidth fullwidth-box fusion-builder-row-1 fusion-flex-container has-pattern-background has-mask-background nonhundred-percent-fullwidth non-hundred-percent-height-scrolling\" style=\"--awb-border-radius-top-left:0px;--awb-border-radius-top-right:0px;--awb-border-radius-bottom-right:0px;--awb-border-radius-bottom-left:0px;--awb-flex-wrap:wrap;\" ><div class=\"fusion-builder-row fusion-row fusion-flex-align-items-flex-start fusion-flex-content-wrap\" style=\"max-width:1248px;margin-left: calc(-4% \/ 2 );margin-right: calc(-4% \/ 2 );\"><div class=\"fusion-layout-column fusion_builder_column fusion-builder-column-0 fusion_builder_column_1_1 1_1 fusion-flex-column\" style=\"--awb-bg-size:cover;--awb-width-large:100%;--awb-margin-top-large:50px;--awb-spacing-right-large:1.92%;--awb-margin-bottom-large:20px;--awb-spacing-left-large:1.92%;--awb-width-medium:100%;--awb-order-medium:0;--awb-spacing-right-medium:1.92%;--awb-spacing-left-medium:1.92%;--awb-width-small:100%;--awb-order-small:0;--awb-spacing-right-small:1.92%;--awb-spacing-left-small:1.92%;\"><div class=\"fusion-column-wrapper fusion-column-has-shadow fusion-flex-justify-content-flex-start fusion-content-layout-column\"><div class=\"fusion-title title fusion-title-1 fusion-sep-none fusion-title-text fusion-title-size-one\" style=\"--awb-margin-top-small:10px;--awb-margin-right-small:0px;--awb-margin-bottom-small:10px;--awb-margin-left-small:0px;\"><h1 class=\"fusion-title-heading title-heading-left\" style=\"margin:0;\"><h2>Henkil\u00f6st\u00f6<\/h2><\/h1><\/div><\/div><\/div><\/div><\/div><div class=\"fusion-fullwidth fullwidth-box fusion-builder-row-2 fusion-flex-container has-pattern-background has-mask-background nonhundred-percent-fullwidth non-hundred-percent-height-scrolling\" style=\"--awb-border-radius-top-left:0px;--awb-border-radius-top-right:0px;--awb-border-radius-bottom-right:0px;--awb-border-radius-bottom-left:0px;--awb-flex-wrap:wrap;\" ><div class=\"fusion-builder-row fusion-row fusion-flex-align-items-flex-start fusion-flex-content-wrap\" style=\"max-width:1248px;margin-left: calc(-4% \/ 2 );margin-right: calc(-4% \/ 2 );\"><div class=\"fusion-layout-column fusion_builder_column fusion-builder-column-1 fusion_builder_column_1_3 1_3 fusion-flex-column\" style=\"--awb-bg-size:cover;--awb-width-large:33.333333333333%;--awb-margin-top-large:0px;--awb-spacing-right-large:5.76%;--awb-margin-bottom-large:20px;--awb-spacing-left-large:5.76%;--awb-width-medium:33.333333333333%;--awb-order-medium:0;--awb-spacing-right-medium:5.76%;--awb-spacing-left-medium:5.76%;--awb-width-small:100%;--awb-order-small:0;--awb-spacing-right-small:1.92%;--awb-spacing-left-small:1.92%;\"><div class=\"fusion-column-wrapper fusion-column-has-shadow fusion-flex-justify-content-flex-start fusion-content-layout-column\"><div class=\"fusion-image-element \" style=\"--awb-aspect-ratio:1 \/ 1;--awb-object-position:44% 2%;--awb-margin-right:0px;--awb-margin-left:0px;--awb-caption-title-font-family:var(--h2_typography-font-family);--awb-caption-title-font-weight:var(--h2_typography-font-weight);--awb-caption-title-font-style:var(--h2_typography-font-style);--awb-caption-title-size:var(--h2_typography-font-size);--awb-caption-title-transform:var(--h2_typography-text-transform);--awb-caption-title-line-height:var(--h2_typography-line-height);--awb-caption-title-letter-spacing:var(--h2_typography-letter-spacing);\"><span class=\" fusion-imageframe imageframe-none imageframe-1 hover-type-none has-aspect-ratio\" style=\"border:2px solid var(--awb-color3);border-radius:50%;\"><img decoding=\"async\" width=\"240\" height=\"300\" title=\"IMG-20240203-WA0000\" data-src=\"https:\/\/sabrina.fi\/wp-content\/uploads\/2024\/05\/IMG-20240203-WA0000-240x300.jpg\" class=\"img-responsive wp-image-446 img-with-aspect-ratio lazyload\" data-parent-fit=\"cover\" data-parent-container=\".fusion-image-element\" alt data-srcset=\"https:\/\/sabrina.fi\/wp-content\/uploads\/2024\/05\/IMG-20240203-WA0000-200x250.jpg 200w, https:\/\/sabrina.fi\/wp-content\/uploads\/2024\/05\/IMG-20240203-WA0000-400x500.jpg 400w, https:\/\/sabrina.fi\/wp-content\/uploads\/2024\/05\/IMG-20240203-WA0000-600x750.jpg 600w, https:\/\/sabrina.fi\/wp-content\/uploads\/2024\/05\/IMG-20240203-WA0000-800x1000.jpg 800w, https:\/\/sabrina.fi\/wp-content\/uploads\/2024\/05\/IMG-20240203-WA0000-1200x1500.jpg 1200w\" data-sizes=\"(max-width: 640px) 100vw, 400px\" src=\"data:image\/svg+xml;base64,PHN2ZyB3aWR0aD0iMSIgaGVpZ2h0PSIxIiB4bWxucz0iaHR0cDovL3d3dy53My5vcmcvMjAwMC9zdmciPjwvc3ZnPg==\" style=\"--smush-placeholder-width: 240px; --smush-placeholder-aspect-ratio: 240\/300;\" \/><\/span><\/div><div class=\"fusion-text fusion-text-1\"><h4 class=\"fusion-responsive-typography-calculated\" style=\"--fontsize: 24; line-height: 1.2;\" data-fontsize=\"24\" data-lineheight=\"28.8px\">Satu Tamminen<\/h4>\n<p>Valmistuin SKY-kosmetologiksi 1980 ja perustin Sabrinan 1986. Vuonna 2003 suoritin jalkojenhoidon ammattitutkinnon, joka antaa lis\u00e4valmiuksia mm. diabeetikkojen jalkojen hoitoon. Hemmotteluhoidoista olen erikoistunut stressinlievitykseen Brain Relief ja Auvo- kosketushoitoihin, Hot Stones- kuumakivihierontaan ja intialaiseen p\u00e4\u00e4nhierontaan. Kasvohoidoista teen Phytom\u00e9r-, Hydra Facial \u2013 , V Carbon- , Beautylines silkkilankakohotuksia sek\u00e4 Guinot\u00b4n manuaalisia ja laitehoitoja, Hydrogen- vety-vesipy\u00f6rrepuhdistuksia, sek\u00e4 LPG- kasvo- ja vartalohoitoja. Tervetuloa hoitoihini!<\/p>\n<\/div><\/div><\/div><div class=\"fusion-layout-column fusion_builder_column fusion-builder-column-2 fusion_builder_column_1_3 1_3 fusion-flex-column\" style=\"--awb-bg-size:cover;--awb-width-large:33.333333333333%;--awb-margin-top-large:0px;--awb-spacing-right-large:5.76%;--awb-margin-bottom-large:20px;--awb-spacing-left-large:5.76%;--awb-width-medium:33.333333333333%;--awb-order-medium:0;--awb-spacing-right-medium:5.76%;--awb-spacing-left-medium:5.76%;--awb-width-small:100%;--awb-order-small:0;--awb-spacing-right-small:1.92%;--awb-spacing-left-small:1.92%;\"><div class=\"fusion-column-wrapper fusion-column-has-shadow fusion-flex-justify-content-flex-start fusion-content-layout-column\"><div class=\"fusion-image-element \" style=\"--awb-aspect-ratio:1 \/ 1;--awb-caption-title-font-family:var(--h2_typography-font-family);--awb-caption-title-font-weight:var(--h2_typography-font-weight);--awb-caption-title-font-style:var(--h2_typography-font-style);--awb-caption-title-size:var(--h2_typography-font-size);--awb-caption-title-transform:var(--h2_typography-text-transform);--awb-caption-title-line-height:var(--h2_typography-line-height);--awb-caption-title-letter-spacing:var(--h2_typography-letter-spacing);\"><span class=\" fusion-imageframe imageframe-none imageframe-2 hover-type-none has-aspect-ratio\" style=\"border-radius:200px;\"><img decoding=\"async\" width=\"1088\" height=\"1060\" title=\"c6b7db39-03c0-47f4-be0d-49608c404044\" data-src=\"https:\/\/sabrina.fi\/wp-content\/uploads\/2024\/12\/c6b7db39-03c0-47f4-be0d-49608c404044-e1760947853969.jpg\" class=\"img-responsive wp-image-485 img-with-aspect-ratio lazyload\" data-parent-fit=\"cover\" data-parent-container=\".fusion-image-element\" alt data-srcset=\"https:\/\/sabrina.fi\/wp-content\/uploads\/2024\/12\/c6b7db39-03c0-47f4-be0d-49608c404044-e1760947853969-200x195.jpg 200w, https:\/\/sabrina.fi\/wp-content\/uploads\/2024\/12\/c6b7db39-03c0-47f4-be0d-49608c404044-e1760947853969-400x390.jpg 400w, https:\/\/sabrina.fi\/wp-content\/uploads\/2024\/12\/c6b7db39-03c0-47f4-be0d-49608c404044-e1760947853969-600x585.jpg 600w, https:\/\/sabrina.fi\/wp-content\/uploads\/2024\/12\/c6b7db39-03c0-47f4-be0d-49608c404044-e1760947853969-800x779.jpg 800w, https:\/\/sabrina.fi\/wp-content\/uploads\/2024\/12\/c6b7db39-03c0-47f4-be0d-49608c404044-e1760947853969.jpg 1088w\" data-sizes=\"(max-width: 640px) 100vw, 400px\" src=\"data:image\/svg+xml;base64,PHN2ZyB3aWR0aD0iMSIgaGVpZ2h0PSIxIiB4bWxucz0iaHR0cDovL3d3dy53My5vcmcvMjAwMC9zdmciPjwvc3ZnPg==\" style=\"--smush-placeholder-width: 1088px; --smush-placeholder-aspect-ratio: 1088\/1060;\" \/><\/span><\/div><div class=\"fusion-text fusion-text-2\"><h4 class=\"\" style=\"--fontsize: 24; line-height: 1.2;\" data-fontsize=\"24\" data-lineheight=\"28.8px\">Liisa Litmanen<\/h4>\n<p>Valmistuin jalkojenhoitajaksi joulukuussa 2024. Olen koulutukseltani my\u00f6s l\u00e4hihoitaja ja artesaani. Kaikki k\u00e4sill\u00e4 tekeminen on minulle t\u00e4rke\u00e4\u00e4. Toimin osa-aikaisena sopimusyritt\u00e4j\u00e4n\u00e4 Sabrinassa ja sen lis\u00e4ksi teen my\u00f6s koulunk\u00e4yntiohjaajan t\u00f6it\u00e4. Jalkojen hoitaminen on t\u00e4rke\u00e4\u00e4. Haluan auttaa sinua pit\u00e4m\u00e4\u00e4n jalkasi hyv\u00e4ss\u00e4 kunnossa. Tervetuloa hoitoihini!<\/p>\n<\/div><\/div><\/div><div class=\"fusion-layout-column fusion_builder_column fusion-builder-column-3 fusion_builder_column_1_3 1_3 fusion-flex-column\" style=\"--awb-bg-size:cover;--awb-width-large:33.333333333333%;--awb-margin-top-large:0px;--awb-spacing-right-large:5.76%;--awb-margin-bottom-large:20px;--awb-spacing-left-large:5.76%;--awb-width-medium:33.333333333333%;--awb-order-medium:0;--awb-spacing-right-medium:5.76%;--awb-spacing-left-medium:5.76%;--awb-width-small:100%;--awb-order-small:0;--awb-spacing-right-small:1.92%;--awb-spacing-left-small:1.92%;\"><div class=\"fusion-column-wrapper fusion-column-has-shadow fusion-flex-justify-content-flex-start fusion-content-layout-column\"><div class=\"fusion-image-element \" style=\"--awb-caption-title-font-family:var(--h2_typography-font-family);--awb-caption-title-font-weight:var(--h2_typography-font-weight);--awb-caption-title-font-style:var(--h2_typography-font-style);--awb-caption-title-size:var(--h2_typography-font-size);--awb-caption-title-transform:var(--h2_typography-text-transform);--awb-caption-title-line-height:var(--h2_typography-line-height);--awb-caption-title-letter-spacing:var(--h2_typography-letter-spacing);\"><span class=\" fusion-imageframe imageframe-none imageframe-3 hover-type-none\" style=\"border:2px solid var(--awb-color3);border-radius:200px;\"><img decoding=\"async\" width=\"1242\" height=\"2208\" title=\"IMG_4087\" data-src=\"https:\/\/sabrina.fi\/wp-content\/uploads\/2026\/01\/IMG_4087.jpeg\" alt class=\"img-responsive wp-image-552 lazyload\" data-srcset=\"https:\/\/sabrina.fi\/wp-content\/uploads\/2026\/01\/IMG_4087-200x356.jpeg 200w, https:\/\/sabrina.fi\/wp-content\/uploads\/2026\/01\/IMG_4087-400x711.jpeg 400w, https:\/\/sabrina.fi\/wp-content\/uploads\/2026\/01\/IMG_4087-600x1067.jpeg 600w, https:\/\/sabrina.fi\/wp-content\/uploads\/2026\/01\/IMG_4087-800x1422.jpeg 800w, https:\/\/sabrina.fi\/wp-content\/uploads\/2026\/01\/IMG_4087-1200x2133.jpeg 1200w, https:\/\/sabrina.fi\/wp-content\/uploads\/2026\/01\/IMG_4087.jpeg 1242w\" data-sizes=\"(max-width: 640px) 100vw, 400px\" src=\"data:image\/svg+xml;base64,PHN2ZyB3aWR0aD0iMSIgaGVpZ2h0PSIxIiB4bWxucz0iaHR0cDovL3d3dy53My5vcmcvMjAwMC9zdmciPjwvc3ZnPg==\" style=\"--smush-placeholder-width: 1242px; --smush-placeholder-aspect-ratio: 1242\/2208;\" \/><\/span><\/div><div class=\"fusion-text fusion-text-3\"><h4 class=\"fusion-responsive-typography-calculated\" style=\"--fontsize: 24; line-height: 1.2;\" data-fontsize=\"24\" data-lineheight=\"28.8px\">Senja Ahola<\/h4>\n<div dir=\"auto\">\n<div dir=\"auto\">\u201dHeippa! Olen viimeisen vuoden kosmetologiopiskelija Loimaan Novidasta. Osaamisalueeseeni kuuluu kasvohoidot, laitehoidot kasvoille, sokeroinnit ja vahaus sek\u00e4 kynsien geelilakkaukset- ja manikyyrit, vartalohoidot sek\u00e4 ripsien ja kulmien kestov\u00e4rj\u00e4ykset ja laminoinnit. <\/div>\n<div dir=\"auto\"> <\/div>\n<div dir=\"auto\">Olen tarkka ja huolellinen, ja haluan tarjota asiakkaille hemmottelevan ja rentoututtavan hoitokokemuksen. Tervetuloa hoitoihin!<\/p>\n<div dir=\"auto\"> <\/div>\n<\/div>\n<\/div>\n<\/div><\/div><\/div><\/div><\/div><\/p>\n","protected":false},"excerpt":{"rendered":"","protected":false},"author":3,"featured_media":0,"parent":0,"menu_order":0,"comment_status":"closed","ping_status":"closed","template":"100-width.php","meta":{"footnotes":""},"class_list":["post-112","page","type-page","status-publish","hentry"],"_links":{"self":[{"href":"https:\/\/sabrina.fi\/index.php\/wp-json\/wp\/v2\/pages\/112","targetHints":{"allow":["GET"]}}],"collection":[{"href":"https:\/\/sabrina.fi\/index.php\/wp-json\/wp\/v2\/pages"}],"about":[{"href":"https:\/\/sabrina.fi\/index.php\/wp-json\/wp\/v2\/types\/page"}],"author":[{"embeddable":true,"href":"https:\/\/sabrina.fi\/index.php\/wp-json\/wp\/v2\/users\/3"}],"replies":[{"embeddable":true,"href":"https:\/\/sabrina.fi\/index.php\/wp-json\/wp\/v2\/comments?post=112"}],"version-history":[{"count":24,"href":"https:\/\/sabrina.fi\/index.php\/wp-json\/wp\/v2\/pages\/112\/revisions"}],"predecessor-version":[{"id":553,"href":"https:\/\/sabrina.fi\/index.php\/wp-json\/wp\/v2\/pages\/112\/revisions\/553"}],"wp:attachment":[{"href":"https:\/\/sabrina.fi\/index.php\/wp-json\/wp\/v2\/media?parent=112"}],"curies":[{"name":"wp","href":"https:\/\/api.w.org\/{rel}","templated":true}]}}