{"id":183,"date":"2022-08-02T10:41:51","date_gmt":"2022-08-02T10:41:51","guid":{"rendered":"https:\/\/sabrina.fi\/?page_id=183"},"modified":"2023-02-23T08:05:51","modified_gmt":"2023-02-23T08:05:51","slug":"jalkahoidot","status":"publish","type":"page","link":"https:\/\/sabrina.fi\/index.php\/jalkahoidot\/","title":{"rendered":"Jalkahoidot"},"content":{"rendered":"<div class=\"fusion-fullwidth fullwidth-box fusion-builder-row-1 fusion-flex-container has-pattern-background has-mask-background nonhundred-percent-fullwidth non-hundred-percent-height-scrolling\" style=\"--awb-border-radius-top-left:0px;--awb-border-radius-top-right:0px;--awb-border-radius-bottom-right:0px;--awb-border-radius-bottom-left:0px;--awb-flex-wrap:wrap;\" ><div class=\"fusion-builder-row fusion-row fusion-flex-align-items-flex-start fusion-flex-content-wrap\" style=\"max-width:1248px;margin-left: calc(-4% \/ 2 );margin-right: calc(-4% \/ 2 );\"><div class=\"fusion-layout-column fusion_builder_column fusion-builder-column-0 fusion_builder_column_1_2 1_2 fusion-flex-column\" style=\"--awb-bg-size:cover;--awb-width-large:50%;--awb-margin-top-large:0px;--awb-spacing-right-large:3.84%;--awb-margin-bottom-large:20px;--awb-spacing-left-large:3.84%;--awb-width-medium:50%;--awb-order-medium:0;--awb-spacing-right-medium:3.84%;--awb-spacing-left-medium:3.84%;--awb-width-small:100%;--awb-order-small:0;--awb-spacing-right-small:1.92%;--awb-spacing-left-small:1.92%;\"><div class=\"fusion-column-wrapper fusion-column-has-shadow fusion-flex-justify-content-flex-start fusion-content-layout-column\"><div class=\"fusion-title title fusion-title-1 fusion-sep-none fusion-title-text fusion-title-size-one\" style=\"--awb-margin-top-small:10px;--awb-margin-right-small:0px;--awb-margin-bottom-small:10px;--awb-margin-left-small:0px;\"><h1 class=\"fusion-title-heading title-heading-left\" style=\"margin:0;\"><h2>Jalkahoidot<\/h2><\/h1><\/div><div class=\"fusion-text fusion-text-1\"><h4>Hoidollinen jalkahoito 1 tunti<\/h4>\n<p>Sis\u00e4lt\u00e4\u00e4 jalkakylvyn, kynsien lyhennyksen ja tarvittaessa ohennuksen, k\u00e4nsien ja kovettumien poiston, kynsien lakkauksen jos asiakas haluaa ja kynnet voi lakata, mahdollisen l\u00e4\u00e4kinn\u00e4n ja jalkojen hieronnan.<\/p>\n<p>Perusjalkahoitoja teemme my\u00f6s koti- tai laitosk\u00e4yntein\u00e4.<\/p>\n<h4>Hemmottelujalkahoito 1,5 tuntia<\/h4>\n<p>Sis\u00e4lt\u00e4\u00e4 perusjalkahoidon lis\u00e4ksi jalkojen ihon kuorinnan, jalkanaamion ja pidemm\u00e4n hieronnan. Kynnet lakataan ja lakan saat mukaasi. Perushoidon lis\u00e4n\u00e4 voi vaihtoehtoisesti olla parafiinihaudehoito tai infrapunahoito.<\/p>\n<p>Satu Tammisella\u00a0 on jalkojenhoidon ammattitutkinto, joten h\u00e4n hoitaa mm. diabeetikkoja ja reumajalkoja tai muuten vaikeampia jalkaongelmia.<\/p>\n<\/div><\/div><\/div><div class=\"fusion-layout-column fusion_builder_column fusion-builder-column-1 fusion_builder_column_1_2 1_2 fusion-flex-column\" style=\"--awb-bg-size:cover;--awb-width-large:50%;--awb-margin-top-large:0px;--awb-spacing-right-large:3.84%;--awb-margin-bottom-large:20px;--awb-spacing-left-large:3.84%;--awb-width-medium:50%;--awb-order-medium:0;--awb-spacing-right-medium:3.84%;--awb-spacing-left-medium:3.84%;--awb-width-small:100%;--awb-order-small:0;--awb-spacing-right-small:1.92%;--awb-spacing-left-small:1.92%;\"><div class=\"fusion-column-wrapper fusion-column-has-shadow fusion-flex-justify-content-flex-start fusion-content-layout-column\"><div class=\"fusion-image-element \" style=\"--awb-caption-title-font-family:var(--h2_typography-font-family);--awb-caption-title-font-weight:var(--h2_typography-font-weight);--awb-caption-title-font-style:var(--h2_typography-font-style);--awb-caption-title-size:var(--h2_typography-font-size);--awb-caption-title-transform:var(--h2_typography-text-transform);--awb-caption-title-line-height:var(--h2_typography-line-height);--awb-caption-title-letter-spacing:var(--h2_typography-letter-spacing);\"><span class=\" fusion-imageframe imageframe-none imageframe-1 hover-type-none\"><img decoding=\"async\" width=\"2048\" height=\"2560\" title=\"jason-blackeye-vBmXXZrM7tA-unsplash\" data-src=\"https:\/\/sabrina.fi\/wp-content\/uploads\/2022\/08\/jason-blackeye-vBmXXZrM7tA-unsplash-scaled.jpg\" alt class=\"img-responsive wp-image-232 lazyload\" data-srcset=\"https:\/\/sabrina.fi\/wp-content\/uploads\/2022\/08\/jason-blackeye-vBmXXZrM7tA-unsplash-200x250.jpg 200w, https:\/\/sabrina.fi\/wp-content\/uploads\/2022\/08\/jason-blackeye-vBmXXZrM7tA-unsplash-400x500.jpg 400w, https:\/\/sabrina.fi\/wp-content\/uploads\/2022\/08\/jason-blackeye-vBmXXZrM7tA-unsplash-600x750.jpg 600w, https:\/\/sabrina.fi\/wp-content\/uploads\/2022\/08\/jason-blackeye-vBmXXZrM7tA-unsplash-800x1000.jpg 800w, https:\/\/sabrina.fi\/wp-content\/uploads\/2022\/08\/jason-blackeye-vBmXXZrM7tA-unsplash-1200x1500.jpg 1200w, https:\/\/sabrina.fi\/wp-content\/uploads\/2022\/08\/jason-blackeye-vBmXXZrM7tA-unsplash-scaled.jpg 2048w\" data-sizes=\"(max-width: 640px) 100vw, 600px\" src=\"data:image\/svg+xml;base64,PHN2ZyB3aWR0aD0iMSIgaGVpZ2h0PSIxIiB4bWxucz0iaHR0cDovL3d3dy53My5vcmcvMjAwMC9zdmciPjwvc3ZnPg==\" style=\"--smush-placeholder-width: 2048px; --smush-placeholder-aspect-ratio: 2048\/2560;\" \/><\/span><\/div><\/div><\/div><\/div><\/div>\n","protected":false},"excerpt":{"rendered":"","protected":false},"author":3,"featured_media":0,"parent":0,"menu_order":0,"comment_status":"closed","ping_status":"closed","template":"100-width.php","meta":{"footnotes":""},"class_list":["post-183","page","type-page","status-publish","hentry"],"_links":{"self":[{"href":"https:\/\/sabrina.fi\/index.php\/wp-json\/wp\/v2\/pages\/183","targetHints":{"allow":["GET"]}}],"collection":[{"href":"https:\/\/sabrina.fi\/index.php\/wp-json\/wp\/v2\/pages"}],"about":[{"href":"https:\/\/sabrina.fi\/index.php\/wp-json\/wp\/v2\/types\/page"}],"author":[{"embeddable":true,"href":"https:\/\/sabrina.fi\/index.php\/wp-json\/wp\/v2\/users\/3"}],"replies":[{"embeddable":true,"href":"https:\/\/sabrina.fi\/index.php\/wp-json\/wp\/v2\/comments?post=183"}],"version-history":[{"count":2,"href":"https:\/\/sabrina.fi\/index.php\/wp-json\/wp\/v2\/pages\/183\/revisions"}],"predecessor-version":[{"id":233,"href":"https:\/\/sabrina.fi\/index.php\/wp-json\/wp\/v2\/pages\/183\/revisions\/233"}],"wp:attachment":[{"href":"https:\/\/sabrina.fi\/index.php\/wp-json\/wp\/v2\/media?parent=183"}],"curies":[{"name":"wp","href":"https:\/\/api.w.org\/{rel}","templated":true}]}}